rue
Is 50497 a composite number?
False
Is 51853 a composite number?
False
Is 23159 composite?
False
Is 31139 composite?
False
Is 39209 prime?
True
Is 5497 a prime number?
False
Is 9895 prime?
False
Is 1405061 a prime number?
False
Is 209186 composite?
True
Is 25997 composite?
False
Is 375311 a prime number?
True
Is 2309 composite?
False
Is 2022289 composite?
False
Is 2998 prime?
False
Is 1021613 a composite number?
True
Is 2767 prime?
True
Is 93238 a prime number?
False
Is 12419 composite?
True
Is 17021 composite?
False
Is 673 prime?
True
Is 126181 prime?
False
Is 126523 a prime number?
False
Is 420671 composite?
False
Is 111819 a composite number?
True
Is 2999 composite?
False
Is 2741 a prime number?
True
Is 269057 composite?
False
Is 69929 composite?
False
Is 402151 a prime number?
False
Is 7217 a prime number?
False
Is 310439 prime?
True
Is 13033 a composite number?
False
Is 434501 prime?
True
Is 1683785 a composite number?
True
Is 77 prime?
False
Is 2031 a prime number?
False
Is 749231 composite?
True
Is 43003 composite?
False
Is 77773 prime?
True
Is 34189 composite?
True
Is 639487 composite?
False
Is 16519 prime?
True
Is 82589 prime?
False
Is 12353 a prime number?
False
Is 757481 a prime number?
True
Is 1503493 composite?
True
Is 537991 a prime number?
True
Is 38326 prime?
False
Is 62547 prime?
False
Is 117877 a prime number?
True
Is 2396761 a prime number?
False
Is 7609 a prime number?
False
Is 9289 a composite number?
True
Is 4357 prime?
True
Is 11549 a composite number?
False
Is 46411 a prime number?
True
Is 292661 a composite number?
False
Is 732851 a prime number?
False
Is 555145 prime?
False
Is 3085 a prime number?
False
Is 4559 a prime number?
False
Is 18119 a composite number?
False
Is 11027 a prime number?
True
Is 90847 composite?
False
Is 10513 a prime number?
True
Is 24789 a prime number?
False
Is 239981 a composite number?
True
Is 33179 a composite number?
False
Is 123191 prime?
True
Is 193253 composite?
True
Is 464533 composite?
True
Is 19193 prime?
False
Is 12107 composite?
False
Is 63202 a prime number?
False
Is 48371 a composite number?
False
Is 953221 a composite number?
False
Is 8209 a composite number?
False
Is 15761 prime?
True
Is 1657 a prime number?
True
Is 108931 composite?
True
Is 2149 composite?
True
Is 88581 a composite number?
True
Is 24527 a composite number?
False
Is 3590237 prime?
False
Is 60887 a prime number?
True
Is 180371 composite?
False
Is 884921 prime?
True
Is 7069 prime?
True
Is 373823 composite?
False
Is 247633 prime?
True
Is 14131 composite?
True
Is 2521 a prime number?
True
Is 66883 a prime number?
True
Is 72989 a prime number?
False
Is 843 composite?
True
Is 151993 a prime number?
False
Is 2371 composite?
False
Is 391847 a prime number?
True
Is 318973 prime?
False
Is 7069 prime?
True
Is 28961 a composite number?
False
Is 75479 a composite number?
False
Is 55033 prime?
False
Is 240677 a composite number?
False
Is 485473 prime?
False
Is 10357 a prime number?
True
Is 30445 composite?
True
Is 2819 a composite number?
False
Is 1089151 a prime number?
False
Is 16183 a composite number?
False
Is 13577 a prime number?
True
Is 2941 a composite number?
True
Is 529 composite?
True
Is 5981 a prime number?
True
Is 26327 a composite number?
True
Is 71089 a composite number?
False
Is 43889 a prime number?
True
Is 232451 a prime number?
True
Is 72107 composite?
True
Is 1594 a prime number?
False
Is 31357 prime?
True
Is 32539 a prime number?
False
Is 2031 a composite number?
True
Is 289627 prime?
False
Is 1567 prime?
True
Is 30631 prime?
True
Is 674 prime?
False
Is 193937 composite?
False
Is 239119 a composite number?
False
Is 2648807 composite?
True
Is 151706 composite?
True
Is 150517 prime?
True
Is 82361 composite?
False
Is 32081 a prime number?
False
Is 27253 a composite number?
False
Is 72431 prime?
True
Is 8209 prime?
True
Is 86809 a prime number?
False
Is 79601 a composite number?
False
Is 54797 composite?
True
Is 815 a prime number?
False
Is 108901 a composite number?
True
Is 79081 prime?
False
Is 42569 prime?
True
Is 73591 prime?
False
Is 373337 a composite number?
True
Is 14199 prime?
False
Is 45119 prime?
True
Is 2281 composite?
False
Is 46211 composite?
True
Is 54601 prime?
True
Is 126833 prime?
False
Is 2879 a composite number?
False
Is 44519 composite?
False
Is 3057 a composite number?
True
Is 7423 a composite number?
True
Is 221297 prime?
False
Is 845753 a composite number?
False
Is 896033 prime?
False
Is 16671 prime?
False
Is 2927 composite?
False
Is 7807 composite?
True
Is 383153 a composite number?
False
Is 53353 prime?
True
Is 235913 a composite number?
True
Is 75253 prime?
True
Is 66567 a prime number?
False
Is 7447 a prime number?
False
Is 74353 composite?
False
Is 76597 a prime number?
True
Is 386833 a composite number?
True
Is 1036427 a composite number?
True
Is 173021 prime?
True
Is 4813 composite?
False
Is 543397 composite?
True
Is 381937 a prime number?
True
Is 61441 a prime number?
True
Is 26759 a prime number?
True
Is 90133 prime?
False
Is 149827 prime?
True
Is 153689 a composite number?
False
Is 893591 prime?
True
Is 98317 a composite number?
False
Is 302647 prime?
True
Is 20663 a prime number?
True
Is 995179 composite?
True
Is 71215 composite?
True
Is 4703 a composite number?
False
Is 4873 a composite number?
True
Is 625793 prime?
False
Is 127817 prime?
True
Is 41435 prime?
False
Is 58657 a composite number?
False
Is 10877 prime?
False
Is 467867 composite?
False
Is 7501 a prime number?
False
Is 460013 prime?
True
Is 10061 prime?
True
Is 13063 composite?
False
Is 6779 composite?
False
Is 27253 a prime number?
True
Is 238591 a prime number?
True
Is 8563 a composite number?
False
Is 116153 composite?
True
Is 446962 a composite number?
True
Is 47161 prime?
True
Is 114157 prime?
True
Is 244687 a composite number?
False
Is 30293 composite?
False
Is 15547 composite?
True
Is 32117 a prime number?
True
Is 10481 composite?
True
Is 28319 a prime number?
True
Is 16979 a composite number?
False
Is 13479 a composite number?
True
Is 409769 prime?
True
Is 4513 prime?
True
Is 53617 a composite number?
False
Is 16811 composite?
False
Is 118583 a prime number?
True
Is 368833 composite?
False
Is 3519715 prime?
False
Is 146831 composite?
True
Is 6385 prime?
False
Is 23185 composite?
True
Is 278359 composite?
True
Is 29119 a prime number?
False
Is 1459 a prime number?
True
Is 9527 composite?
True
Is 2722 a prime number?
False
Is 2471 a prime number?
False
Is 11794 a prime number?
False
Is 921254 composite?
True
Is 8102301 prime?
False
Is 2577 a prime number?
False
Is 8402 a prime number?
False
Is 174851 composite?
False
Is 56567 a prime number?
False
Is 113891 composite?
False
Is 7471 prime?
False
Is 51173 a composite number?
True
Is 3407 a prime number?
True
Is 3251 composite?
False
Is 1678 prime?
False
Is 16759 a composite number?
False
Is 331343 a composite number?
True
Is 21259 composite?
True
Is 462947 a composite number?
False
Is 559049 a composite number?
False
Is 9631 composite?
False
Is 1587785 composite?
True
Is 895 a prime number?
False
Is 186431 prime?
False
Is 235043 a composite number?
False
Is 201007 prime?
True
Is 347861 a composite number?
True
Is 246271 prime?
True
Is 227827 composite?
False
Is 28789 composite?
False
Is 2812583 composite?
False
Is 492419 prime?
False
Is 919679 composite?
False
Is 146407 prime?
True
Is 44489 a composite number?
True
Is 1190159 a prime number?
True
Is 1461511 prime?
True
Is 5251 a prime number?
False
Is 6349 a composite number?
True
Is 97115 a prime number?
False
Is 2041 a prime number?
False
Is 1197389 composite?
False
Is 477571 a prime number?
True
Is 1531 prime?
True
Is 211927 composite?
False
Is 8311 composite?
False
Is 20849 prime?
True
Is 2326 composite?
True
Is 2767 prime?
True
Is 91727 a composite number?
True
Is 114151 a composite number?
True
Is 190979 a composite number?
False
Is 115409 a composite number?
True
Is 23081 a composite number?
False
Is 481 a prime number?
False
Is 41579 prime?
True
Is 10651 prime?
True
Is 10294 prime?
False
Is 1723 a composite number?
False
Is 57797 a composite number?
True
Is 409677 prime?
False
Is 118691 a prime number?
True
Is 435238 a prime number?
False
Is 41269 prime?
True
Is 317881 prime?
False
Is 95833 a 